 j(c) = c - 4. Calculate j(b).
1
Let k be 6/12 + (-9)/(-6). Suppose k*m = -5*w - 2*m - 1, -3*m + 3 = 0. Let t(g) = g. Let c(o) = -2*o - 1. Let b(u) = -c(u) + 6*t(u). What is b(w)?
-7
Let u(s) = -s - 25. Let v be (-10)/140 - (-250)/(-28). Determine u(v).
-16
Let m(j) be the second derivative of j**4/6 - 5*j**3/6 + 3*j**2/2 + 4*j - 12. Give m(3).
6
Let s(h) = 2*h + 3. Let t(q) be the third derivative of q**4/24 - q**3/6 - 16*q**2. Let p(b) = -s(b) - 4*t(b). What is p(-1)?
7
Let a(k) = -k**2 - 23*k - 18. Let c be a(-21). Let g = c - 27. Let n(p) = 4*p**2 - 10*p. Let i(v) = -3*v**2 + 9*v. Let t(q) = 6*i(q) + 5*n(q). Calculate t(g).
6
Let n(a) = a**2 + a. Suppose -b - 2*g = -10, 5*g = 2*g + 12. Let i be ((-3)/2)/(-3)*(-6 + b). Calculate n(i).
2
Let l = -1864 + 1871. Let g(c) = -2*c - 5. What is g(l)?
-19
Let c(j) = 1 - 470*j**2 + 925*j**2 - 464*j**2. What is c(-2)?
-35
Suppose -4*i - 5 - 7 = 0, -2*i - 34 = -4*t. Let a(g) be the second derivative of -3/2*g**2 + 2/3*g**3 + 0 - 1/12*g**4 + t*g. Determine a(2).
1
Let j(z) = z**3 + 10*z**2 + 17*z + 8. Let c(h) = -5*h**2 - 81*h - 24. Let w be c(-16). Determine j(w).
0
Let s(w) be the second derivative of 1/12*w**4 + 5/6*w**3 + 3*w**2 + 0 + 3*w. What is s(-5)?
6
Let n(v) be the third derivative of 3*v**6/10 + v**5/60 - v**3/6 - 2*v**2 - 7. What is n(-1)?
-36
Let f(x) = 10*x + 13. Let b(w) = 8*w + 12. Let h(z) = -4*b(z) + 3*f(z). Determine h(0).
-9
Let d(b) be the first derivative of -7/2*b**2 + 3 + 0*b. Suppose -k = 2, 5*z = 4*z + 3*k + 7. Determine d(z).
-7
Let z(s) = -s + 11. Let c(u) = -4*u**3 + 4*u - 5*u**2 - 3*u**3 + 2*u**3 + 6*u**3. Suppose 0 = -2*r + 6*r - 16. Let l be c(r). Determine z(l).
11
Let q(m) = m + 1. Let j(r) be the first derivative of r**4/4 + 2*r**3/3 - 3*r**2 + 10*r + 28. Let t be j(-4). Determine q(t).
3
Let q(f) be the third derivative of -f**5/30 + f**4/4 + 2*f**3 - 3*f**2 - 53. Determine q(6).
-24
Let j(i) = i**3 + 4*i**2 + i + 4. Let w(t) = -16*t - 4. Suppose -4*b + l + 10 = 0, 0 = -5*b - 4*l - 2 + 4. Let a be w(b). Let x = 33 + a. Determine j(x).
10
Let c(p) be the third derivative of p**8/20160 + p**7/5040 + 19*p**6/720 - p**5/30 + 20*p**2. Let g(r) be the third derivative of c(r). Determine g(0).
19
Let g(n) = 2*n**2 - 4*n + 4. Suppose -t = 3*t - 8. Let c be g(t). Let l(j) = -j**3 + 6*j**2 - 5*j + 6. Determine l(c).
18
Let h(u) = -33*u**2 - 25. Let y(o) = 53*o**2 + o + 38. Let x(v) = -8*h(v) - 5*y(v). Determine x(-7).
-4
Let x(q) = 2*q**2 - 2*q - 11. Let f(u) = u**2 - 7. Let c(j) = -5*f(j) + 3*x(j). Give c(4).
-6
Let f(r) = r + 6. Let s be 11 - (3 - -3)/2. Let k(p) = 2*p - 12. Let h be k(s). Suppose -36 = 4*q + h*z, 9 = -3*z - 0*z. Determine f(q).
0
Let a(q) = -q + 1. Let c(f) = 14*f - 5*f - 18 + 3*f. Let d(g) = 18*a(g) + c(g). Suppose -8 = -194*j + 202*j. Give d(j).
6
Let z(k) = -k**2 + 1. Let s = -28 - -27. Let m(a) = 9*a**2 - a + 3. Let y(d) = s*m(d) + 3*z(d). Determine y(1).
-11
Let l = -98 - -101. Let m(o) be the second derivative of 0 - 3*o - o**2 + 1/6*o**3. What is m(l)?
1
Let b(p) = -5*p**3 + 3*p**3 + 7*p**2 + p**3 - 11 - 98*p + 101*p. Determine b(8).
-51
Let r be 12/15 + 24/(-30). Suppose r = 5*k - 4*a - a + 5, 2 = -2*k + 4*a. Let f(t) = 13*t**3 + 2*t**2 - 1. Determine f(k).
-12
Let h(k) = -k**3 + 8*k**2 - 5*k - 9. Let t be h(7). Let w(p) = -4*p - 15. Let i(o) = 5*o + 16. Let b(j) = -5*i(j) - 6*w(j). Determine b(t).
5
Let m(s) = 2*s - 6. Let w(v) = 5*v - 11. Let p = 15 + -11. Suppose 5*a + 3 = p*a. Let x(n) = a*w(n) + 7*m(n). Calculate x(-7).
-2
Let t(d) be the third derivative of d**5/60 - 11*d**4/24 + d**3/6 - d**2 - 35*d. Determine t(7).
-27
Let t = 31 + -20. Suppose 0 = -r - 0 + t. Suppose 0 = r*x - 8*x + 15. Let g(q) = q**3 + 5*q**2 - 4*q - 5. What is g(x)?
15
Let k(n) = n + n - 8*n + 4 - n. Determine k(3).
-17
Let h(j) be the second derivative of -j**5/20 + j**4/2 - j**3/3 - j**2 - 2*j. Suppose -12*s - 2 = -10*s, l - s = 5. Give h(l).
22
Let z(a) = -a + 14. Let t be z(10). Let m be 2 - -2*t/8. Let k(c) = -5*c + 3*c + c**m + 47 - 41 - 5*c**2. Give k(5).
-4
Let d(h) = -h**2 - 10*h - 16. Let i be d(-6). Let f(v) be the first derivative of v**4/4 - 8*v**3/3 - v**2/2 + 11*v + 2. What is f(i)?
3
Let g(o) = -o**2 - 3*o + 2. Suppose 2*v + 49 + 1 = -4*i, -44 = 4*i - 4*v. Let d be (3/(-4))/((-3)/i). What is g(d)?
2
Let y = 202 + -205. Let i(u) = u + 1. Give i(y).
-2
Suppose -12 = -3*i, 4*i - 24 = -x + 3*x. Let t(p) = -p**2 + 5*p + 3. Let d(k) = -3*k - 1. Let q(j) = -5*d(j) - 2*t(j). Calculate q(x).
11
Let c(v) = v**3 - 4*v**2 + 3*v - 1. Suppose -2*g + 11 + 1 = 0. Let z be ((-9)/g)/(-3)*6. Calculate c(z).
-1
Let m(c) = c**3 + 5*c**2 - 3*c - 7. Let g be m(-5). Let q = -9 + -2. Let d = q + g. Let v(x) = x**2 + 4*x - 3. Determine v(d).
-6
Suppose 60*t = -73 + 313. Let i(u) = -3*u**2 + 13*u - 4. Determine i(t).
0
Let p = -4 - 0. Let j(z) be the second derivative of -z**6/360 - z**5/120 + 13*z**4/12 - 13*z. Let q(n) be the third derivative of j(n). What is q(p)?
7
Suppose -16 = -3*p + 2*g, -2*g = 4*p - 4 - 8. Suppose -p*q - q + 50 = 0. Suppose 4*a = -3*u - 22, 0 - q = 5*u. Let n(i) = -i**2 - 2*i + 3. Calculate n(a).
-5
Let b(s) be the first derivative of -s**3/3 + s**2 + 3*s - 168. What is b(3)?
0
Let w(m) be the first derivative of -m**3/3 - 6*m**2 - 6*m + 318. Give w(-10).
14
Suppose 3*p - 40 = -p. Suppose -7*q + 5*q = -p. Suppose q*r - 2 = -7. Let i(n) = n**3 + 2*n**2 + n + 1. Determine i(r).
1
Let t(j) = -j**3 - 11*j**2 + 17*j + 63. Let h be t(-12). Let s(x) = 2*x. Determine s(h).
6
Let k(f) = -f + 2. Suppose 28 = -2*j + 36. Let a be k(j). Let g(v) = -2*v**3 - v. Give g(a).
18
Let k = -4 + 7. Suppose z = 0, -u - 2*z + 2 = k*z. Let b(a) = -4*a. Let y(w) = -17*w. Let v(j) = -9*b(j) + 2*y(j). What is v(u)?
4
Let j(b) = -15*b**2 - 2*b + 1. Let z = 155 - 154. Give j(z).
-16
Let w be (-396)/(-16) - 1/(-4). Let l be 60/w - 2/5. Let d be (-2)/6*(l + -2). Let f(p) = p**2 - 4. Determine f(d).
-4
Let m(q) be the second derivative of -q**5/20 - q**4/3 - q**3/6 - q**2/2 + 83*q. What is m(-4)?
3
Let d(a) be the first derivative of 5*a + 14 - 2*a**2 + 1/3*a**3. Determine d(4).
5
Let p(f) = 6*f + 2*f + 0*f - 3*f - 18 - 2*f. Determine p(8).
6
Suppose 5*w - 2*k + 4*k - 71 = 0, -13 = -w - k. Let m(l) = -4*l + 52. Let p be m(w). Let d(x) = x**3 + 7*x**2 - 7*x + 8. What is d(p)?
0
Let f(t) = t + 1087*t**2 + 0 - 3*t - 1070*t**2 + 1. What is f(1)?
16
Let x(g) be the third derivative of -3*g**4/8 - 47*g**3/6 + 94*g**2 + 4. What is x(-6)?
7
Let r(z) = -z**2 - 9*z - 2. Let w be 27/12*(38 - 42). What is r(w)?
-2
Let k(d) = d**3 - 3*d**2 - 3*d - 2. Let f be 1/((-12)/(-8))*-3. Let s be (2/(-6))/(f/18). What is k(s)?
-11
Let z(m) = -2*m + 4. Suppose 4 = -n + 9. Let k be z(n). Let v(f) be the first derivative of -f**3/3 - 5*f**2/2 - f + 643. Give v(k).
-7
Suppose -11*i = -7 - 81. Let n(m) be the second derivative of -m**2 - i*m + 0 + 1/3*m**3. Calculate n(-2).
-6
Let d(j) = 1. Let h(g) = -4*g. Suppose 0 = 4*s + 4*p, 5*s + p = -0*p - 16. Let i(z) = s*d(z) + h(z). Calculate i(-4).
12
Let l = 27 - 22. Let u(a) = -l*a - 2 + 2 - 2. Determine u(2).
-12
Let f(j) be the third derivative of 1/12*j**4 + 26*j**2 - 1/60*j**5 + 0*j + 0 + 0*j**3. Give f(6).
-24
Suppose m - 5*l + 2 = 3, 0 = -m - 3*l + 9. Let r(x) = x - 4. Give r(m).
2
Let j(k) be the second derivative of 1/2*k**2 + 0 + 3/5*k**5 - 1/3*k**3 + 30*k + 1/12*k**4. What is j(1)?
12
Let o(b) = -b**3 + b**2 + 3*b - 4. Suppose -1681 = d - 1683. What is o(d)?
-2
Let c(z) = -z**3 + 2*z**2 - z - 2. Let a be (-6)/21*2 - (-75)/(-175). Calculate c(a).
2
Let k(i) = 7*i - 6*i - 6*i + 1 + 2*i. Give k(2).
-5
Suppose 0 = 128*k - 45*k - 913. Let t(q) be the first derivative of -k + 6*q + 1/2*q**2. Determine t(-6).
0
Suppose 4*o + 1 = -s, -2*o = 3*s + 2*o - 13. Let z(k) = k + 11. Let d(g) = 10. Let q(h) = 3*d(h) - 2*z(h). Calculate q(s).
-6
Let m(y) = -11*y + 6 - 11*y - 10 + 2 + 8*y. What is m(5)?
-72
Let j(w) = 13*w**2 - 13. Let v(k) = 3*k**2 - 3. Let g(y) = 2*j(y) - 9*v(y). Determine g(0).
1
Let l(g) = g**3 + 4*g**2 - 10*g + 6. Suppose 310*c - 300*c = -60. Determine l(c).
-6
Let a(b) = -b**2 + b. Let i(l) be the first derivative of -2*l**3/3 + 4*l**2 + 9*l - 39. Let j(k) = a(k) - i(k). What is j(7)?
-9
Let r(v) = v**2 - 5*v + 2. Suppose 4*t - 2*y - 22 = 0, -3*y - 4 +